
233
Let q(s) = -s - 16. Let f be q(-2). List the prime factors of f*-2*(6 - 1)*1.
2, 5, 7
Suppose -5*g + 64 = -4*g. Let r = 24 - g. Let v = -24 - r. What are the prime factors of v?
2
Let m = -1515 - -2157. What are the prime factors of m?
2, 3, 107
Let s(m) = -m + 13. Let k be s(9). Let a = -12 + 192. Suppose k*d = -d + a. List the prime factors of d.
2, 3
Suppose 68 = -4*b + 3*y, 2*b + y - 2*y = -34. Let q = b - -25. Suppose -100 = -q*r + 3*r. List the prime factors of r.
2, 5
Let i be (-65)/26*4/(-5). Let w(d) = 2*d**3 - 2*d**2 - 3*d + 4. Let c be w(i). Suppose -l + c = -54. List the prime factors of l.
2, 3, 5
Suppose 3*g = -2*j - 18, 8 = 4*j + 2*g - 7*g. What are the prime factors of 4/12 + (-50)/j?
17
Let t(k) = k**3 + 4*k**2 - 3*k - 2. Let n be t(-3). Let b = 4 + n. List the prime factors of 3/(-15) - (-1064)/b.
53
Suppose 5*m - m = -24. Let f be (6/(-4))/(m/516). Let j = f - 74. List the prime factors of j.
5, 11
Suppose -25*m = -21*m. Suppose 710 = -m*v + 5*v. List the prime factors of v.
2, 71
Let g(l) = -7*l**3 - 3*l**2 - 4*l - 2. What are the prime factors of g(-4)?
2, 3, 23
Suppose 28 = 4*n - 0*n. Suppose 10*h = n*h. Suppose a - 16 = -h*a. List the prime factors of a.
2
Let b be ((-424)/6)/(6/18). Let c = -126 - b. Let x = c + -61. What are the prime factors of x?
5
List the prime factors of (-60)/(-210) - 6156/(-14).
2, 5, 11
Let u(k) = -k**2 - 14*k + 19. Let r be u(-14). Let c(j) = 4*j - 40. What are the prime factors of c(r)?
2, 3
Let y(i) = -i**3 + 8*i - 7. Let b be y(4). What are the prime factors of (b/26)/((-3)/298)?
149
Suppose -4*w + 36 = -5*j, -2*w + 7 = -2*j - 11. Suppose 270 = w*k - 1044. List the prime factors of k.
2, 73
Let u(a) = -3*a**3 - 4*a**2 - 4*a - 6. What are the prime factors of u(-7)?
3, 5, 19
Suppose 0 = o + o + 2. Suppose -11*r + 42 = -14*r. List the prime factors of (o/(-2))/(r/(-280)).
2, 5
Suppose 13*c = 15*c. Suppose c = 3*v - 5*v + 348. List the prime factors of v.
2, 3, 29
Let f(w) be the third derivative of -w**6/60 - w**5/12 - w**4/6 - 13*w**3/6 + 11*w**2. List the prime factors of f(-4).
3, 17
Suppose 993 = 13*n - 4766. List the prime factors of n.
443
Let p = 25 - 2. Let w = p + -13. List the prime factors of w.
2, 5
Suppose -2*x - x = -4*z + 6, 3*z = x + 7. Suppose -z*o + 3*l - 6*l = -390, -4*o + 505 = l. What are the prime factors of o?
5
Let i be (-3 + 2 + 1)/(-2). Suppose i = 46*l - 51*l + 225. List the prime factors of l.
3, 5
Let j(g) = -g**2 - 3*g + 20. Let h be j(-6). Suppose 236 = 2*l + 4*f, -3 + 7 = -4*f. Suppose 3*p - l = -x + 4*x, -h*p - 4*x = -68. List the prime factors of p.
2, 19
Suppose -12 = -4*a, 2*a - 5*a - 1 = -5*o. Let n = 6 + o. What are the prime factors of 2*(1 + 4/n)?
3
Suppose -4*c - 3*z = c + 216, -4*c + 2*z - 164 = 0. Let l = -20 - c. Suppose -l*p + 69 = -19*p. List the prime factors of p.
23
Let x(j) = -j**3 + 4*j**2 - 6*j - 18. What are the prime factors of x(-8)?
2, 3, 7, 19
Let r be 1 + -28*(-3 + 4). Let f be (-6)/(-27) + 1167/r. Let p = 67 + f. List the prime factors of p.
2, 3
Let t(p) = -14*p**3 - 7*p**2 - 25*p - 1. List the prime factors of t(-3).
389
Suppose 0 = -68*x + 75*x - 22029. What are the prime factors of x?
3, 1049
Let a = 1661 - 1073. List the prime factors of a.
2, 3, 7
Let m = 3 + -35. Let n = m + 285. List the prime factors of n.
11, 23
Suppose -3*d + 1 + 11 = 0. Suppose -d*n + t + t = -204, -5*t = 10. What are the prime factors of n?
2, 5
Suppose 2*a = -a - 27. What are the prime factors of a/27 + (-608)/(-6)?
101
Let j(v) = -v**3 + 22*v**2 - 18*v + 27. What are the prime factors of j(11)?
2, 5, 29
Suppose b = 5*n - 3736 - 1526, 2*b + 2100 = 2*n. List the prime factors of n.
3, 13
Let f be (1 + 1)/(-3*(-3)/9). Suppose 2*i = i - 3*n + 112, 3*i + f*n - 315 = 0. What are the prime factors of i?
103
Suppose -245 = 5*l - 4*i, -l - 3*i = -16 + 46. Let r = l - -78. What are the prime factors of r?
3, 11
What are the prime factors of (-2)/4*(-20996)/58?
181
Let k = 18 + 24. Let m = k + 29. List the prime factors of m.
71
Suppose l + 3*x - 152 = 0, -2*l + 4*x + 120 + 134 = 0. What are the prime factors of l?
137
Let q(z) = -2*z - 47. Let m be q(-19). List the prime factors of m + 5 + 43*2.
2, 41
Let h = 4150 + -2385. What are the prime factors of h?
5, 353
Let v = 811 - 295. Suppose -f - v = -4*p + f, -656 = -5*p - 3*f. List the prime factors of p.
2, 5, 13
Let w = -18 - -337. What are the prime factors of w?
11, 29
Let b = -645 - -1769. What are the prime factors of b?
2, 281
Let u(w) = 16*w - 12. Let r be u(25). List the prime factors of (18/(-24))/((-1)/r).
3, 97
Suppose -4*v + 35*m = 34*m - 407, -4*v = 6*m - 414. List the prime factors of v.
2, 3, 17
Suppose -40*q - 18*q = -96686. What are the prime factors of q?
1667
Suppose -5 = -4*x + 5*x. Let y = -23 - x. Let i = -1 - y. List the prime factors of i.
17
Let d(z) = z**2 + 7*z - 6. Let k be d(-8). Let i = 3 + k. Suppose 4*f + 16 = i*f. List the prime factors of f.
2
Let q(u) = -12*u + 2. Let t = 11 + -12. Let y be q(t). Suppose -6 = s - y. List the prime factors of s.
2
Let w = 477 - 438. List the prime factors of w.
3, 13
Suppose -2*y + 4*l = -5*y + 92, 5*y = 4*l + 100. What are the prime factors of y?
2, 3
Suppose -4*w + w = 0. Suppose w = 4*k + x, -x = -0*k - k. Suppose 3*c - 5 - 13 = k. List the prime factors of c.
2, 3
Let x(u) = u**2 - 30*u - 270. What are the prime factors of x(54)?
2, 3, 19
Suppose 5 = z, 3*y - y + 5*z - 37 = 0. Suppose y*c - 840 = -4*c. What are the prime factors of c?
2, 3, 7
Suppose 24*k = 30*k - 3072. List the prime factors of k.
2
Suppose -5*h + 11931 = 103*y - 99*y, 0 = -2*y - h + 5967. What are the prime factors of y?
2, 373
Let g = 1743 - -1708. What are the prime factors of g?
7, 17, 29
Let w(k) = -k + 5. Let d be w(0). Suppose -4*y + 6 - 3 = -i, -d*y = 2*i - 20. Suppose 3*p = y*p + 7. List the prime factors of p.
7
Suppose -p + 1 = 9. Suppose 2*m = -3*m + 120. What are the prime factors of (46/p)/((-2)/m)?
3, 23
Let o(r) = -2*r**2 + 11*r - 12. Let y be o(6). Let k be 1 + -1 + 15 + y. List the prime factors of (-1165)/(-25) + k/5.
2, 23
Suppose s = v - 5, 3*s + s = -2*v - 8. Suppose 4*p + v*p - 78 = 0. What are the prime factors of p?
13
Let q be -1 - (3 + (-31 - 1)). Suppose 4*v = -3*r - 13, 5*r - 2 = 2*v - 15. What are the prime factors of (q - r) + -3 - -3?
31
List the prime factors of 5/10 + (-23034)/(-44).
2, 131
Suppose -2*w = -7*w - 30. Let x(k) = -k**2 - 6*k + 3. Let g be x(w). Suppose 0 = h + g*n - 63, 5*h - 258 = 4*n - 0*n. What are the prime factors of h?
2, 3
Let k(d) = -5*d**2 + 7*d + 20. Let w(x) = -4*x**2 + 7*x + 19. Let r(y) = -3*k(y) + 4*w(y). What are the prime factors of r(6)?
2, 11
Suppose -40 = -2*l + 4. Suppose 0 = 3*w - 71 - l. List the prime factors of w.
31
Let f(q) = 2*q**2 - 2*q - 1. Let r be f(3). Let s(v) = -v**3 + 12*v**2 - 9*v + 16. List the prime factors of s(r).
2, 19
Let v(m) = -m**3 + 9*m**2 - 4*m + 8. Suppose y - 4*p - 3 = 0, 0 = -5*p - 0 + 5. What are the prime factors of v(y)?
2, 3, 13
Let s = -898 - -1057. List the prime factors of s.
3, 53
Let j(a) = a**3 + a**2 - 2*a. Let g be j(2). Let w be -10 + g - (-18)/2. List the prime factors of 21/w + 10*2.
23
Suppose -5*s = -4*x + 185, 11*x - 6*x + 5*s = 265. Let u = -22 + x. List the prime factors of ((-17)/(-4))/(7/u).
17
Suppose r + r = -3*a + 157, -4*r = -3*a - 305. Let k = r - 56. List the prime factors of k.
3, 7
What are the prime factors of ((-12)/14)/((-30)/140) + 6039?
6043
Let h(f) = 2*f**3 - 12*f**2 - 2*f + 14. Let w be h(6). Suppose 544 = 3*a + w*i, -5*a + 928 = -i - i. What are the prime factors of a?
2, 23
Let b = -99 + 91. Suppose h - 117 = -2*h. Let r = h + b. List the prime factors of r.
31
Let f(i) = -3*i**2 + 4*i + 3. Let p(r) = -r**2 - r. Let z(h) = -f(h) + 2*p(h). Let t be z(7). Let g(n) = -n**3 + 5*n**2 - n - 1. List the prime factors of g(t).
11
Let u(s) = -84*s - 787. What are the prime factors of u(-10)?
53
Let m = 8 + -8. Suppose -3*i = -m*i - 204. Suppose -3*q - 6 = 0, 4*z - i = 5*q - q. What are the prime factors of z?
3, 5
Let k = 16 + -14. Suppose -k*c + 1369 = 2*p + 3*p, 2*p - c = 544. List the prime factors of p.
3, 7, 13
Let m be -2*(24/(-15) + 0)*5. Let w = 18 + m. List the prime factors of w.
2, 17
Suppose 0 = -y + 2*p + 10, y = 3*p - 5*p + 